{"id":36362,"date":"2018-12-26T11:48:16","date_gmt":"2018-12-26T14:48:16","guid":{"rendered":"http:\/\/osepmendoza.com.ar\/web\/?page_id=36362"},"modified":"2018-12-26T11:48:16","modified_gmt":"2018-12-26T14:48:16","slug":"acuerdo-de-licencia-de-usuario-final-eula","status":"publish","type":"page","link":"https:\/\/osepmendoza.com.ar\/web\/acuerdo-de-licencia-de-usuario-final-eula\/","title":{"rendered":"Acuerdo de Licencia de Usuario Final (EULA)"},"content":{"rendered":"<h5><strong>1. T\u00e9rminos y Condiciones generales y su aceptaci\u00f3n<\/strong><\/h5>\n<p>A continuaci\u00f3n, se describen los T\u00e9rminos y Condiciones Generales (en adelante las &#8220;Condiciones Generales&#8221;) aplicables a la utilizaci\u00f3n de los servicios y contenidos suministrados por el Portal de Autogesti\u00f3n contenido en el Sitio de OSEP en Internet www.osep.mendoza.gov.ar (en adelante, el &#8220;Portal&#8221;) que la OSEP pone a disposici\u00f3n de sus afiliados.<\/p>\n<p>La utilizaci\u00f3n del Portal implica la aceptaci\u00f3n expresa, plena y sin reservas por parte del Afiliado de todos y cada uno de los T\u00e9rminos y Condiciones Generales.<\/p>\n<p>En consecuencia, el Afiliado debe leer atentamente las Condiciones Generales previo a la utilizaci\u00f3n del Portal. Asimismo, la utilizaci\u00f3n del Portal se encuentra sometida a todos los avisos, reglamentos de uso e instrucciones puestos en conocimiento del Afiliado por OSEP, los que se integrar\u00e1n a estas condiciones en cuanto estos no se opongan a ellos.<\/p>\n<p>OSEP est\u00e1 constantemente innovando a fin de ofrecer el mejor servicio posible a sus Afiliados. Por el presente acuerdo, usted reconoce y acepta que el contenido y la naturaleza de los Servicios que proporciona OSEP pueden variar ocasionalmente sin previo aviso. Como parte de esta permanente innovaci\u00f3n, usted reconoce y acepta que OSEP pueda suspender, ya sea de forma permanente o temporal, los Servicios, o alguna de las funciones incluidas en estos, para usted o para los Afiliados en general, a discreci\u00f3n de OSEP y sin previo aviso. Usted podr\u00e1 interrumpir el uso que haga de los Servicios en cualquier momento que lo desee. No es necesario que informe de ello a OSEP. A fin de poder acceder a determinados Servicios, es posible que se le solicite informaci\u00f3n personal, por ejemplo, datos identificativos e informaci\u00f3n de contacto, como parte del proceso de registro en el Servicio o como parte del uso continuado de los Servicios. Usted se compromete a que cualquier informaci\u00f3n de registro que facilite a OSEP ser\u00e1 precisa, correcta y actual.<\/p>\n<h5><strong>2. Quienes Somos<\/strong><\/h5>\n<p>Teniendo en cuenta que OSEP puede modificar en cualquier momento estos t\u00e9rminos y condiciones, le sugerimos consultarlos peri\u00f3dicamente (cada vez que visite el sitio o bien puede optar por no acceder al mismo).<\/p>\n<p>OSEP, a trav\u00e9s de este Portal, facilita a los Afiliados el acceso y la utilizaci\u00f3n de diversos servicios puestos a su disposici\u00f3n por OSEP o por terceros proveedores de informaci\u00f3n (en adelante, los &#8221; Servicios&#8221;).<\/p>\n<h5><strong>3. Condiciones de Utilizaci\u00f3n del Sitio<\/strong><\/h5>\n<p><strong>3.1. Aceptaci\u00f3n de las condiciones<\/strong><\/p>\n<p>Antes de utilizar el Portal deber\u00e1 aceptar estos t\u00e9rminos y condiciones, de lo contrario no podr\u00e1 acceder al mismo. En particular, no podr\u00e1 realizar ninguno de los Tr\u00e1mites en L\u00ednea que se ofrecen en el Portal.<\/p>\n<p><strong>3.1.1. Provisi\u00f3n de los servicios<\/strong><\/p>\n<p>OSEP peri\u00f3dicamente podr\u00e1 introducir innovaciones respecto al servicio de Tr\u00e1mites en L\u00ednea, por lo que estos podr\u00e1n variar ocasionalmente. Asimismo, el usuario reconoce y acepta que ello podr\u00e1 implicar la suspensi\u00f3n temporal o permanente de dicho servicio o alguna de las funciones incluidas en estos, a discreci\u00f3n de OSEP, sin previo aviso y sin que dicha circunstancia pueda ser motivo de reclamo alguno por parte del afiliado. El afiliado podr\u00e1 dejar de utilizar este servicio en cualquier momento que lo desee, sin necesidad de informar de ello a OSEP.<\/p>\n<p>Si bien el servicio se encuentra disponible durante las 24 hs., el mismo podr\u00e1 verse interrumpido por breves per\u00edodos por razones de mantenimiento o de \u00edndole t\u00e9cnica, circunstancia que de manera alguna habilitar\u00e1 el reclamo de las molestias o da\u00f1os que ello pudiera causarle al usuario, quien declara conocer que el servicio de Tr\u00e1mites en L\u00ednea es solo una alternativa para la realizaci\u00f3n de los tr\u00e1mites que tambi\u00e9n puede realizar en forma personal en cualquiera de las oficinas de atenci\u00f3n al p\u00fablico de OSEP dentro del horario de atenci\u00f3n.<\/p>\n<p><strong>3.2. Obligaciones del Afiliado<\/strong><\/p>\n<p><strong>3.2.1. Hacer uso correcto del Portal<\/strong><\/p>\n<p>El Afiliado se compromete a utilizar el Portal de conformidad con la ley, estas Condiciones Generales, as\u00ed como con la moral y buenas costumbres generalmente aceptadas y el orden p\u00fablico. El Afiliado se obliga a abstenerse de utilizar el Portal con fines o efectos il\u00edcitos, contrarios a lo establecido en estas Condiciones Generales, lesivos de los derechos e intereses de terceros, o que de cualquier forma puedan da\u00f1ar, inutilizar, sobrecargar o deteriorar el Portal o impedir la normal utilizaci\u00f3n o disfrute del Portal por parte de los Afiliados.<\/p>\n<p><strong>3.2.1.1. Conducta general. Queda prohibido:<\/strong><\/p>\n<p>a) Utilizar el Portal, directa o indirectamente, para violar cualquier ley aplicable, cualquiera fuese su naturaleza, ya sea internacional, nacional, provincial o local;<\/p>\n<p>b) Transmitir material pornogr\u00e1fico u obsceno;<\/p>\n<p>c) Transmitir, distribuir o almacenar cualquier tipo de informaci\u00f3n, datos o materiales que violen leyes o regulaciones internacionales, nacionales o provinciales;<\/p>\n<p>d) Enviar o transmitir informaci\u00f3n cuyo contenido sea, directa o indirectamente, y sin que lo siguiente se considere una limitaci\u00f3n, trasgresor, profano, abusivo, difamatorio y\/o fraudulento, o que revele asuntos privados o personales que afecten a persona alguna, o que de alguna manera violen derechos de terceros;<\/p>\n<p>e) Utilizar los servicios utilizando un nombre falso, err\u00f3neo o inexistente, ya sea como persona f\u00edsica o jur\u00eddica;<\/p>\n<h5><strong>4. L\u00edmite de Responsabilidad y Exclusi\u00f3n de Garant\u00edas<\/strong><\/h5>\n<p><strong>4.1. El Sitio<\/strong><\/p>\n<p><strong>4.1.1. Funcionamiento del SITIO y los Servicios<\/strong><\/p>\n<p><strong>4.1.1.1. General<\/strong><\/p>\n<p>OSEP contrata su acceso a Internet con un tercero proveedor de este. Usted acepta y reconoce que el Portal puede no siempre estar disponible debido a dificultades t\u00e9cnicas o fallas de Internet, del proveedor, o por cualquier otro motivo ajeno a OSEP. En consecuencia, OSEP no garantiza la disponibilidad y continuidad del funcionamiento del Portal. OSEP excluye cualquier responsabilidad por los da\u00f1os y perjuicios de toda naturaleza que sean originados en forma directa, indirecta o remota, por la interrupci\u00f3n, suspensi\u00f3n, finalizaci\u00f3n, falta de disponibilidad o de continuidad del funcionamiento del Portal, por la defraudaci\u00f3n de la utilidad que los Afiliados hubieren podido atribuir al Portal, a la falibilidad del Portal, y en particular, aunque no de modo exclusivo, por los fallos en el acceso a las distintas p\u00e1ginas web del Portal. Cabe destacar que cualquier informaci\u00f3n o gesti\u00f3n disponible a trav\u00e9s del Portal puede ser tambi\u00e9n satisfecha en forma personal o telef\u00f3nica a trav\u00e9s de sus Oficinas de atenci\u00f3n al p\u00fablico. OSEP no se responsabiliza por cualquier da\u00f1o, perjuicio o p\u00e9rdida en el equipo del Afiliado originado por fallas en el sistema, servidor o en Internet.<\/p>\n<p><strong>4.1.2. Contenidos<\/strong><\/p>\n<p>a) El Afiliado acepta y entiende que el uso y o interpretaci\u00f3n de la informaci\u00f3n brindada en este sitio y las decisiones que se tomen debido a las mismas, son realizadas enteramente bajo su propio riesgo. En consecuencia, queda expresamente aclarado que las decisiones a que el Afiliado arribe son producto de sus facultades discrecionales.<\/p>\n<p>b) OSEP puede en cualquier momento modificar las opiniones y expresiones contenidas en el sitio sin previo aviso.<\/p>\n<p>c) OSEP NO SE RESPONSABILIZA EN NINGUNA CIRCUNSTANCIA POR LA INTERPRETACI\u00d3N Y\/O POR LA INCORRECTA INTERPRETACI\u00d3N DE LO EXPRESADO EN EL PORTAL EN FORMA EXPL\u00cdCITA O IMPL\u00cdCITA, NI DE SU USO INDEBIDO, AS\u00cd COMO TAMPOCO SER\u00c1 RESPONSABLE POR LOS PERJUICIOS DIRECTOS O INDIRECTOS CAUSADOS POR O A QUIENES FUERAN INDUCIDOS A TOMAR U OMITIR DECISIONES O MEDIDAS, AL CONSULTAR EL PORTAL.<\/p>\n<p>d) OSEP no asume responsabilidad de ninguna \u00edndole, si debido al acceso al Portal o por cualquier transferencia de datos, el equipo del afiliado se viese afectado por alg\u00fan virus, o por la presencia de otros elementos en los contenidos que puedan producir alteraciones en el sistema inform\u00e1tico, documentos electr\u00f3nicos o ficheros de los afiliados, siendo responsabilidad del Afiliado contar con los sistemas antivirus adecuados para proteger su ordenador.<\/p>\n<p>e) OSEP no se responsabiliza por los da\u00f1os y perjuicios de toda naturaleza que puedan deberse a la transmisi\u00f3n, difusi\u00f3n, almacenamiento, puesta a disposici\u00f3n, recepci\u00f3n, obtenci\u00f3n o acceso a los contenidos, y en particular, aunque no de modo exclusivo, por los da\u00f1os y perjuicios que puedan deberse al incumplimiento de la ley, la moral y las buenas costumbres generalmente aceptadas o el orden p\u00fablico como consecuencia de la transmisi\u00f3n, difusi\u00f3n, almacenamiento, puesta a disposici\u00f3n, recepci\u00f3n, obtenci\u00f3n o acceso a los contenidos;<\/p>\n<p><strong>4.2. Aplicaci\u00f3n M\u00f3vil<\/strong><\/p>\n<p><strong>4.2.1. Funcionamiento de la Aplicaci\u00f3n M\u00f3vil y los Servicios<\/strong><\/p>\n<p><strong>4.2.1.1.Informaci\u00f3n.<\/strong><\/p>\n<p>OSEP M\u00f3vil (en adelante \u201cla aplicaci\u00f3n\u201d) podr\u00e1 recoger informaci\u00f3n personal como, por ejemplo: N\u00fameros de CUIT, n\u00fameros de matr\u00edcula, datos relacionados a afiliados tales como n\u00fameros de afiliado, c\u00f3digos de prestaciones m\u00e9dicas, documentos y dem\u00e1s datos requeridos por el proceso de validaci\u00f3n y\/o uso de las funcionalidades de la aplicaci\u00f3n.<\/p>\n<p>La aplicaci\u00f3n emplea la informaci\u00f3n con el fin de proporcionar el mejor servicio posible, particularmente, para completar el proceso de validaci\u00f3n online, y mejorar nuestros productos y servicios. Es posible que sean enviados mensajes o notificaciones que revistan inter\u00e9s para el usuario, todos ellos de car\u00e1cter informativo y no comercial.<\/p>\n<p>OSEP est\u00e1 altamente comprometida con la seguridad de sus datos. Usamos los sistemas m\u00e1s avanzados y los actualizamos constantemente para asegurarnos que no exista ning\u00fan acceso no autorizado.<\/p>\n<p>OSEP se reserva el derecho de efectuar an\u00e1lisis estad\u00edsticos an\u00f3nimos sobre los datos recibidos, garantizando la preservaci\u00f3n de los datos personales involucrados.<\/p>\n<p><strong>4.2.1.2.Enlaces a terceros.<\/strong><\/p>\n<p>La aplicaci\u00f3n podr\u00eda contener enlaces a otros sitios que pudieran ser de su inter\u00e9s. Toda vez que usted acceda a estos enlaces ya no tenemos control sobre al sitio al que es redirigido y por lo tanto no somos responsables de los t\u00e9rminos o privacidad ni de la protecci\u00f3n de sus datos en esos otros sitios de terceros. Dichos sitios est\u00e1n sujetos a sus propias pol\u00edticas de privacidad por lo cual es recomendable que los consulte para confirmar que usted est\u00e1 de acuerdo con estas.<\/p>\n<p><strong>4.2.1.3.Control de informaci\u00f3n personal<\/strong><\/p>\n<p>OSEP no vender\u00e1, ceder\u00e1 ni distribuir\u00e1 la informaci\u00f3n personal que es recopilada, salvo que sea requerido por un juez con una orden judicial.<\/p>\n<p>OSEP se reserva el derecho de cambiar los t\u00e9rminos de la presente Pol\u00edtica de Privacidad en cualquier momento.<\/p>\n<p><strong>4.2.1.4.Utilizaci\u00f3n de caracter\u00edsticas propias de equipos m\u00f3viles<\/strong><\/p>\n<p>OSEP podr\u00e1 utilizar hardware especifico incorporado en los equipos m\u00f3viles; como, por ejemplo, c\u00e1mara, GPS o almacenamiento del dispositivo; con el fin exclusivo de ser utilizado por las funcionalidades propias de la aplicaci\u00f3n. El permiso para el uso de los mencionados elementos ser\u00e1 solicitado al usuario una vez instalada la aplicaci\u00f3n, quedando bajo exclusiva responsabilidad del usuario la aceptaci\u00f3n o no de estos permisos.<\/p>\n<h5><strong>5. Derecho de Revocaci\u00f3n<\/strong><\/h5>\n<p>OSEP se reserva el derecho, en cualquier momento y sin necesidad de darle notificaci\u00f3n previa, de denegar, retirar el acceso al Portal, o dar por concluido su calidad de usuario del Portal por violaci\u00f3n de las condiciones generales aqu\u00ed descriptas.<\/p>\n<h5><strong>6. General<\/strong><\/h5>\n<p>El presente acuerdo no podr\u00e1 ser interpretado como un contrato de sociedad, mandato, agencia, o que genere ning\u00fan tipo de relaci\u00f3n entre OSEP y el afiliado. Si alguna de las condiciones que anteceden fuera declarada nula, dicha nulidad no afectar\u00e1 en modo alguno la validez o exigibilidad del resto de las condiciones previstas en este acuerdo. Este acuerdo no podr\u00e1 ser enmendado o modificado por el afiliado, a excepci\u00f3n de que sea por medio de un documento escrito y firmado tanto por el afiliado como por el representante legal de OSEP. Nuestra falta de acci\u00f3n con respecto a una violaci\u00f3n del convenio por parte del afiliado u otros no afecta nuestro derecho actuar frente a una violaci\u00f3n posterior o similar. Los ac\u00e1pites del presente acuerdo est\u00e1n puestos \u00fanicamente como referencia, y de ninguna manera definen, limitan, delimitan o describen el \u00e1mbito o la extensi\u00f3n de dicha secci\u00f3n.<\/p>\n<h5><strong>7. Comunicaci\u00f3n<\/strong><\/h5>\n<p>Toda notificaci\u00f3n u otra comunicaci\u00f3n que deba efectuarse bajo el presente deber\u00e1 realizarse por escrito: (i) al afiliado: al domicilio informado por el mismo o a la cuenta de correo electr\u00f3nico declarada; (ii) a OSEP: a la calle Av. Jose V. Zapata 313, Ciudad de Mendoza.<\/p>\n<h5><strong>8. Jurisdicci\u00f3n y Derecho Aplicable<\/strong><\/h5>\n<p>Las presentes Condiciones Generales se regir\u00e1n por las leyes de la Rep\u00fablica Argentina.<\/p>\n<p>De acuerdo a lo establecido en la Ley 25326 de protecci\u00f3n de Datos Personales, el afiliado puede solicitar por ser titular de los datos personales el derecho de obtener la rectificaci\u00f3n, actualizaci\u00f3n y cuando corresponda la supresi\u00f3n de los datos personales de los que sea titular, que est\u00e9n incluidos en su banco de datos y OSEP garantizar la rectificaci\u00f3n supresi\u00f3n o actualizaci\u00f3n de los mismos en el plazo legal a partir del reclamo del titular de dichos datos, todo conforme la disposici\u00f3n 10\/2008 de la Direcci\u00f3n Nacional de Protecci\u00f3n de Datos Personales.<\/p>\n<h5><strong>9. Propiedad Intelectual<\/strong><\/h5>\n<p>Todos los contenidos de este portal, incluyendo, sin car\u00e1cter limitativo, los textos (incluyendo los comentarios, disertaciones, exposiciones y reproducciones), gr\u00e1ficos, logos, iconos, im\u00e1genes, archivos de audio y video, software y todas y cada una de las caracter\u00edsticas que se encuentran en el Portal son propiedad exclusiva de OSEP y\/o de sus proveedores de Contenidos, y los mismos est\u00e1n protegidos por las leyes internacionales de propiedad intelectual. Las mejoras y\/o modificaciones de los Contenidos del Portal son propiedad exclusiva de OSEP. Todo el software utilizado en este Sitio es propiedad de OSEP y\/o de sus proveedores de software. Su uso indebido, as\u00ed como su reproducci\u00f3n ser\u00e1n objeto de las acciones judiciales que correspondan.<\/p>\n<p>La utilizaci\u00f3n de los servicios brindados por OSEP no podr\u00e1, en ning\u00fan supuesto, ser interpretada como una autorizaci\u00f3n y\/o concesi\u00f3n de licencia de los derechos intelectuales de OSEP y\/o de un tercero.<\/p>\n<p>OSEP M\u00f3vil (en adelante \u201cla aplicaci\u00f3n\u201d) podr\u00e1 recoger informaci\u00f3n personal como, por ejemplo: N\u00fameros de CUIT, n\u00fameros de matr\u00edcula, datos relacionados a pacientes tales como n\u00fameros de afiliado, c\u00f3digos de prestaciones m\u00e9dicas, documentos y dem\u00e1s datos requeridos por el proceso de validaci\u00f3n.<\/p>\n<p>La aplicaci\u00f3n emplea la informaci\u00f3n con el fin de proporcionar el mejor servicio posible, particularmente, para completar el proceso de validaci\u00f3n online, y mejorar nuestros productos y servicios. Es posible que sean enviados mensajes o notificaciones que revistan inter\u00e9s para el usuario, todos ellos de car\u00e1cter informativo y no comercial.<\/p>\n<p>OSEP est\u00e1 altamente comprometida con la seguridad de sus datos. Usamos los sistemas m\u00e1s avanzados y los actualizamos constantemente para asegurarnos que no exista ning\u00fan acceso no autorizado.<\/p>\n<p>OSEP se reserva el derecho de efectuar an\u00e1lisis estad\u00edsticos an\u00f3nimos sobre los datos recibidos, garantizando la preservaci\u00f3n de los datos personales involucrados.<\/p>\n<p>La aplicaci\u00f3n podr\u00eda contener enlaces a otros sitios que pudieran ser de su inter\u00e9s. Toda vez que usted acceda a estos enlaces ya no tenemos control sobre al sitio al que es redirigido y por lo tanto no somos responsables de los t\u00e9rminos o privacidad ni de la protecci\u00f3n de sus datos en esos otros sitios de terceros. Dichos sitios est\u00e1n sujetos a sus propias pol\u00edticas de privacidad por lo cual es recomendable que los consulte para confirmar que usted est\u00e1 de acuerdo con estas.<\/p>\n<p>OSEP no vender\u00e1, ceder\u00e1 ni distribuir\u00e1 la informaci\u00f3n personal que es recopilada, salvo que sea requerido por un juez con una orden judicial.<\/p>\n<p>OSEP se reserva el derecho de cambiar los t\u00e9rminos de la presente Pol\u00edtica de Privacidad en cualquier momento.<\/p>\n","protected":false},"excerpt":{"rendered":"<p>1. T\u00e9rminos y Condiciones generales y su aceptaci\u00f3n A continuaci\u00f3n,&#8230;<\/p>\n","protected":false},"author":6,"featured_media":0,"parent":0,"menu_order":80,"comment_status":"closed","ping_status":"closed","template":"","meta":{"_acf_changed":false,"inline_featured_image":false,"_exactmetrics_skip_tracking":false,"_exactmetrics_sitenote_active":false,"_exactmetrics_sitenote_note":"","_exactmetrics_sitenote_category":0,"footnotes":"","_links_to":"","_links_to_target":""},"class_list":["post-36362","page","type-page","status-publish","hentry"],"acf":[],"yoast_head":"<!-- This site is optimized with the Yoast SEO plugin v27.5 - https:\/\/yoast.com\/product\/yoast-seo-wordpress\/ -->\n<title>Acuerdo de Licencia de Usuario Final (EULA) - OSEP Mendoza<\/title>\n<meta name=\"robots\" content=\"index, follow, max-snippet:-1, max-image-preview:large, max-video-preview:-1\" \/>\n<link rel=\"canonical\" href=\"https:\/\/osepmendoza.com.ar\/web\/acuerdo-de-licencia-de-usuario-final-eula\/\" \/>\n<meta property=\"og:locale\" content=\"es_ES\" \/>\n<meta property=\"og:type\" content=\"article\" \/>\n<meta property=\"og:title\" content=\"Acuerdo de Licencia de Usuario Final (EULA) - OSEP Mendoza\" \/>\n<meta property=\"og:description\" content=\"1. T\u00e9rminos y Condiciones generales y su aceptaci\u00f3n A continuaci\u00f3n,...\" \/>\n<meta property=\"og:url\" content=\"https:\/\/osepmendoza.com.ar\/web\/acuerdo-de-licencia-de-usuario-final-eula\/\" \/>\n<meta property=\"og:site_name\" content=\"OSEP Mendoza\" \/>\n<meta property=\"article:publisher\" content=\"https:\/\/www.facebook.com\/OSEP.MendozaArg\/\" \/>\n<meta name=\"twitter:card\" content=\"summary_large_image\" \/>\n<meta name=\"twitter:site\" content=\"@OsepMza\" \/>\n<meta name=\"twitter:label1\" content=\"Tiempo de lectura\" \/>\n\t<meta name=\"twitter:data1\" content=\"13 minutos\" \/>\n<script type=\"application\/ld+json\" class=\"yoast-schema-graph\">{\"@context\":\"https:\\\/\\\/schema.org\",\"@graph\":[{\"@type\":\"WebPage\",\"@id\":\"https:\\\/\\\/osepmendoza.com.ar\\\/web\\\/acuerdo-de-licencia-de-usuario-final-eula\\\/\",\"url\":\"https:\\\/\\\/osepmendoza.com.ar\\\/web\\\/acuerdo-de-licencia-de-usuario-final-eula\\\/\",\"name\":\"Acuerdo de Licencia de Usuario Final (EULA) - OSEP Mendoza\",\"isPartOf\":{\"@id\":\"https:\\\/\\\/osepmendoza.com.ar\\\/web\\\/#website\"},\"datePublished\":\"2018-12-26T14:48:16+00:00\",\"breadcrumb\":{\"@id\":\"https:\\\/\\\/osepmendoza.com.ar\\\/web\\\/acuerdo-de-licencia-de-usuario-final-eula\\\/#breadcrumb\"},\"inLanguage\":\"es\",\"potentialAction\":[{\"@type\":\"ReadAction\",\"target\":[\"https:\\\/\\\/osepmendoza.com.ar\\\/web\\\/acuerdo-de-licencia-de-usuario-final-eula\\\/\"]}]},{\"@type\":\"BreadcrumbList\",\"@id\":\"https:\\\/\\\/osepmendoza.com.ar\\\/web\\\/acuerdo-de-licencia-de-usuario-final-eula\\\/#breadcrumb\",\"itemListElement\":[{\"@type\":\"ListItem\",\"position\":1,\"name\":\"Portada\",\"item\":\"https:\\\/\\\/osepmendoza.com.ar\\\/web\\\/\"},{\"@type\":\"ListItem\",\"position\":2,\"name\":\"Acuerdo de Licencia de Usuario Final (EULA)\"}]},{\"@type\":\"WebSite\",\"@id\":\"https:\\\/\\\/osepmendoza.com.ar\\\/web\\\/#website\",\"url\":\"https:\\\/\\\/osepmendoza.com.ar\\\/web\\\/\",\"name\":\"OSEP Mendoza\",\"description\":\"Obra Social de los Empleados P\u00fablicos de Mendoza\",\"publisher\":{\"@id\":\"https:\\\/\\\/osepmendoza.com.ar\\\/web\\\/#organization\"},\"potentialAction\":[{\"@type\":\"SearchAction\",\"target\":{\"@type\":\"EntryPoint\",\"urlTemplate\":\"https:\\\/\\\/osepmendoza.com.ar\\\/web\\\/?s={search_term_string}\"},\"query-input\":{\"@type\":\"PropertyValueSpecification\",\"valueRequired\":true,\"valueName\":\"search_term_string\"}}],\"inLanguage\":\"es\"},{\"@type\":\"Organization\",\"@id\":\"https:\\\/\\\/osepmendoza.com.ar\\\/web\\\/#organization\",\"name\":\"OSEP - Obra Social de Empleados P\u00fablicos de Mendoza\",\"url\":\"https:\\\/\\\/osepmendoza.com.ar\\\/web\\\/\",\"logo\":{\"@type\":\"ImageObject\",\"inLanguage\":\"es\",\"@id\":\"https:\\\/\\\/osepmendoza.com.ar\\\/web\\\/#\\\/schema\\\/logo\\\/image\\\/\",\"url\":\"https:\\\/\\\/osepmendoza.com.ar\\\/web\\\/wp-content\\\/uploads\\\/2020\\\/04\\\/lkTM9T9z.jpg\",\"contentUrl\":\"https:\\\/\\\/osepmendoza.com.ar\\\/web\\\/wp-content\\\/uploads\\\/2020\\\/04\\\/lkTM9T9z.jpg\",\"width\":334,\"height\":334,\"caption\":\"OSEP - Obra Social de Empleados P\u00fablicos de Mendoza\"},\"image\":{\"@id\":\"https:\\\/\\\/osepmendoza.com.ar\\\/web\\\/#\\\/schema\\\/logo\\\/image\\\/\"},\"sameAs\":[\"https:\\\/\\\/www.facebook.com\\\/OSEP.MendozaArg\\\/\",\"https:\\\/\\\/x.com\\\/OsepMza\",\"https:\\\/\\\/www.instagram.com\\\/osep.mendoza\\\/\",\"https:\\\/\\\/www.youtube.com\\\/user\\\/osepvideos\"]}]}<\/script>\n<!-- \/ Yoast SEO plugin. -->","yoast_head_json":{"title":"Acuerdo de Licencia de Usuario Final (EULA) - OSEP Mendoza","robots":{"index":"index","follow":"follow","max-snippet":"max-snippet:-1","max-image-preview":"max-image-preview:large","max-video-preview":"max-video-preview:-1"},"canonical":"https:\/\/osepmendoza.com.ar\/web\/acuerdo-de-licencia-de-usuario-final-eula\/","og_locale":"es_ES","og_type":"article","og_title":"Acuerdo de Licencia de Usuario Final (EULA) - OSEP Mendoza","og_description":"1. T\u00e9rminos y Condiciones generales y su aceptaci\u00f3n A continuaci\u00f3n,...","og_url":"https:\/\/osepmendoza.com.ar\/web\/acuerdo-de-licencia-de-usuario-final-eula\/","og_site_name":"OSEP Mendoza","article_publisher":"https:\/\/www.facebook.com\/OSEP.MendozaArg\/","twitter_card":"summary_large_image","twitter_site":"@OsepMza","twitter_misc":{"Tiempo de lectura":"13 minutos"},"schema":{"@context":"https:\/\/schema.org","@graph":[{"@type":"WebPage","@id":"https:\/\/osepmendoza.com.ar\/web\/acuerdo-de-licencia-de-usuario-final-eula\/","url":"https:\/\/osepmendoza.com.ar\/web\/acuerdo-de-licencia-de-usuario-final-eula\/","name":"Acuerdo de Licencia de Usuario Final (EULA) - OSEP Mendoza","isPartOf":{"@id":"https:\/\/osepmendoza.com.ar\/web\/#website"},"datePublished":"2018-12-26T14:48:16+00:00","breadcrumb":{"@id":"https:\/\/osepmendoza.com.ar\/web\/acuerdo-de-licencia-de-usuario-final-eula\/#breadcrumb"},"inLanguage":"es","potentialAction":[{"@type":"ReadAction","target":["https:\/\/osepmendoza.com.ar\/web\/acuerdo-de-licencia-de-usuario-final-eula\/"]}]},{"@type":"BreadcrumbList","@id":"https:\/\/osepmendoza.com.ar\/web\/acuerdo-de-licencia-de-usuario-final-eula\/#breadcrumb","itemListElement":[{"@type":"ListItem","position":1,"name":"Portada","item":"https:\/\/osepmendoza.com.ar\/web\/"},{"@type":"ListItem","position":2,"name":"Acuerdo de Licencia de Usuario Final (EULA)"}]},{"@type":"WebSite","@id":"https:\/\/osepmendoza.com.ar\/web\/#website","url":"https:\/\/osepmendoza.com.ar\/web\/","name":"OSEP Mendoza","description":"Obra Social de los Empleados P\u00fablicos de Mendoza","publisher":{"@id":"https:\/\/osepmendoza.com.ar\/web\/#organization"},"potentialAction":[{"@type":"SearchAction","target":{"@type":"EntryPoint","urlTemplate":"https:\/\/osepmendoza.com.ar\/web\/?s={search_term_string}"},"query-input":{"@type":"PropertyValueSpecification","valueRequired":true,"valueName":"search_term_string"}}],"inLanguage":"es"},{"@type":"Organization","@id":"https:\/\/osepmendoza.com.ar\/web\/#organization","name":"OSEP - Obra Social de Empleados P\u00fablicos de Mendoza","url":"https:\/\/osepmendoza.com.ar\/web\/","logo":{"@type":"ImageObject","inLanguage":"es","@id":"https:\/\/osepmendoza.com.ar\/web\/#\/schema\/logo\/image\/","url":"https:\/\/osepmendoza.com.ar\/web\/wp-content\/uploads\/2020\/04\/lkTM9T9z.jpg","contentUrl":"https:\/\/osepmendoza.com.ar\/web\/wp-content\/uploads\/2020\/04\/lkTM9T9z.jpg","width":334,"height":334,"caption":"OSEP - Obra Social de Empleados P\u00fablicos de Mendoza"},"image":{"@id":"https:\/\/osepmendoza.com.ar\/web\/#\/schema\/logo\/image\/"},"sameAs":["https:\/\/www.facebook.com\/OSEP.MendozaArg\/","https:\/\/x.com\/OsepMza","https:\/\/www.instagram.com\/osep.mendoza\/","https:\/\/www.youtube.com\/user\/osepvideos"]}]}},"amp_enabled":true,"_links":{"self":[{"href":"https:\/\/osepmendoza.com.ar\/web\/wp-json\/wp\/v2\/pages\/36362","targetHints":{"allow":["GET"]}}],"collection":[{"href":"https:\/\/osepmendoza.com.ar\/web\/wp-json\/wp\/v2\/pages"}],"about":[{"href":"https:\/\/osepmendoza.com.ar\/web\/wp-json\/wp\/v2\/types\/page"}],"author":[{"embeddable":true,"href":"https:\/\/osepmendoza.com.ar\/web\/wp-json\/wp\/v2\/users\/6"}],"replies":[{"embeddable":true,"href":"https:\/\/osepmendoza.com.ar\/web\/wp-json\/wp\/v2\/comments?post=36362"}],"version-history":[{"count":2,"href":"https:\/\/osepmendoza.com.ar\/web\/wp-json\/wp\/v2\/pages\/36362\/revisions"}],"predecessor-version":[{"id":36364,"href":"https:\/\/osepmendoza.com.ar\/web\/wp-json\/wp\/v2\/pages\/36362\/revisions\/36364"}],"wp:attachment":[{"href":"https:\/\/osepmendoza.com.ar\/web\/wp-json\/wp\/v2\/media?parent=36362"}],"curies":[{"name":"wp","href":"https:\/\/api.w.org\/{rel}","templated":true}]}}